{"id":31,"date":"2023-05-04T20:11:24","date_gmt":"2023-05-04T20:11:24","guid":{"rendered":"https:\/\/naturwunderbar.ch\/?page_id=31"},"modified":"2023-05-04T20:11:25","modified_gmt":"2023-05-04T20:11:25","slug":"philosophie","status":"publish","type":"page","link":"https:\/\/naturwunderbar.ch\/?page_id=31","title":{"rendered":"Philosophie"},"content":{"rendered":"\n<p>Wir stellen Produkte zum Verkauf her ganz nach dem Motto \u00aballes was am Wegrand w\u00e4chst\u00bb. Das Suchen und Sammeln von Beeren, Blumen, Pflanzen oder deren Bestandteile ist unsere Leidenschaft.&nbsp;&nbsp;Auf eine sorgf\u00e4ltige Herstellung achten wir besonders, damit Geschmack und Vitamine m\u00f6glichst erhalten bleiben. Es ist uns wichtig die m\u00f6glichst kleinste Menge an Zucker beizumengen ohne die Qualit\u00e4t und Haltbarkeit zu beeintr\u00e4chtigen \u2013 wie sagt man so sch\u00f6n? nachzuckern\/w\u00fcrzen geht immer. Wir sind bestrebt ein m\u00f6glichst naturnahes Produkt herzustellen und sind transparent in den Angaben der Zutaten.&nbsp;<\/p>\n\n\n\n<p>Pflanzen die die Menschen zu Grossmutters-Zeiten noch kannten und als Heil- oder Nahrungsmittel verwendeten sind teilweise in Vergessenheit geraten.&nbsp;&nbsp;Wir richten unser Augenmerk deshalb in erster Linie auf Pflanzen dieser&nbsp;&nbsp;Art.&nbsp;<\/p>\n\n\n\n<p>Als Zulieferer von Verpackungen, Inserate, Druck etc. ber\u00fccksichtigen wir nur Betriebe aus der Schweiz und achten auf deren m\u00f6glichst umweltschonendste Herstellung.&nbsp;<\/p>\n\n\n\n<p>Lasst Euch von unserem Angebot \u00fcberraschen und inspirieren. F\u00fcr Anregungen und W\u00fcnsche, aber auch f\u00fcr Verbesserungsvorschl\u00e4ge sind wir offen.&nbsp;<\/p>\n","protected":false},"excerpt":{"rendered":"<p>Wir stellen Produkte zum Verkauf her ganz nach dem Motto \u00aballes was am Wegrand w\u00e4chst\u00bb. Das Suchen und Sammeln von Beeren, Blumen, Pflanzen oder deren Bestandteile ist unsere Leidenschaft.&nbsp;&nbsp;Auf eine sorgf\u00e4ltige Herstellung achten wir besonders, damit Geschmack und Vitamine m\u00f6glichst erhalten bleiben. Es ist uns wichtig die m\u00f6glichst kleinste Menge an Zucker beizumengen ohne die [&hellip;]<\/p>\n","protected":false},"author":1,"featured_media":0,"parent":0,"menu_order":0,"comment_status":"closed","ping_status":"closed","template":"","meta":{"zakra_page_container_layout":"customizer","zakra_page_sidebar_layout":"customizer","zakra_remove_content_margin":false,"zakra_sidebar":"customizer","zakra_transparent_header":"customizer","zakra_logo":0,"zakra_main_header_style":"default","zakra_menu_item_color":"","zakra_menu_item_hover_color":"","zakra_menu_item_active_color":"","zakra_menu_active_style":"","zakra_page_header":true,"footnotes":""},"class_list":["post-31","page","type-page","status-publish","hentry"],"_links":{"self":[{"href":"https:\/\/naturwunderbar.ch\/index.php?rest_route=\/wp\/v2\/pages\/31","targetHints":{"allow":["GET"]}}],"collection":[{"href":"https:\/\/naturwunderbar.ch\/index.php?rest_route=\/wp\/v2\/pages"}],"about":[{"href":"https:\/\/naturwunderbar.ch\/index.php?rest_route=\/wp\/v2\/types\/page"}],"author":[{"embeddable":true,"href":"https:\/\/naturwunderbar.ch\/index.php?rest_route=\/wp\/v2\/users\/1"}],"replies":[{"embeddable":true,"href":"https:\/\/naturwunderbar.ch\/index.php?rest_route=%2Fwp%2Fv2%2Fcomments&post=31"}],"version-history":[{"count":1,"href":"https:\/\/naturwunderbar.ch\/index.php?rest_route=\/wp\/v2\/pages\/31\/revisions"}],"predecessor-version":[{"id":33,"href":"https:\/\/naturwunderbar.ch\/index.php?rest_route=\/wp\/v2\/pages\/31\/revisions\/33"}],"wp:attachment":[{"href":"https:\/\/naturwunderbar.ch\/index.php?rest_route=%2Fwp%2Fv2%2Fmedia&parent=31"}],"curies":[{"name":"wp","href":"https:\/\/api.w.org\/{rel}","templated":true}]}}